50566855?
5
What is the thousands digit of 2022932358?
2
What is the units digit of 3121613724?
4
What is the ten thousands digit of 55473927?
7
What is the hundred thousands digit of 14489443?
4
What is the millions digit of 792185304?
2
What is the tens digit of 57594209?
0
What is the hundreds digit of 721819683?
6
What is the thousands digit of 308208379?
8
What is the billions digit of 2146868622?
2
What is the units digit of 2543169425?
5
What is the hundreds digit of 2909815354?
3
What is the hundreds digit of 19353785?
7
What is the ten thousands digit of 592231847?
3
What is the thousands digit of 3092423?
2
What is the hundreds digit of 178914181?
1
What is the hundreds digit of 33993769?
7
What is the ten thousands digit of 493122152?
2
What is the ten thousands digit of 25936587?
3
What is the ten thousands digit of 333409593?
0
What is the thousands digit of 1520580298?
0
What is the ten thousands digit of 516819679?
1
What is the hundred thousands digit of 183395657?
3
What is the ten thousands digit of 37042542?
4
What is the units digit of 3338231?
1
What is the hundred millions digit of 4861104013?
8
What is the hundred thousands digit of 4091869623?
8
What is the hundred millions digit of 1198048987?
1
What is the tens digit of 1700912710?
1
What is the hundred thousands digit of 1608585692?
5
What is the ten millions digit of 44492387?
4
What is the ten thousands digit of 388416296?
1
What is the thousands digit of 1771101309?
1
What is the tens digit of 208307633?
3
What is the hundred millions digit of 506483190?
5
What is the ten millions digit of 226730085?
2
What is the units digit of 29011848?
8
What is the units digit of 592360218?
8
What is the millions digit of 1899847673?
9
What is the units digit of 11613030?
0
What is the ten thousands digit of 289998651?
9
What is the millions digit of 8289484?
8
What is the thousands digit of 26353947?
3
What is the ten thousands digit of 30459991?
5
What is the hundreds digit of 399749296?
2
What is the tens digit of 660299150?
5
What is the hundreds digit of 133837877?
8
What is the ten millions digit of 90321864?
9
What is the hundred thousands digit of 18740013?
7
What is the ten thousands digit of 207898941?
9
What is the ten thousands digit of 37927167?
2
What is the thousands digit of 207049744?
9
What is the ten millions digit of 164151557?
6
What is the millions digit of 825653346?
5
What is the tens digit of 60850797?
9
What is the thousands digit of 528296084?
6
What is the hundreds digit of 466366189?
1
What is the tens digit of 69982451?
5
What is the ten thousands digit of 1151314933?
1
What is the ten thousands digit of 406723142?
2
What is the hundred thousands digit of 103466236?
4
What is the millions digit of 138233600?
8
What is the ten millions digit of 331044769?
3
What is the hundred thousands digit of 525291?
5
What is the millions digit of 99179116?
9
What is the millions digit of 151474501?
1
What is the ten millions digit of 59322332?
5
What is the ten thousands digit of 2643591622?
9
What is the hundred thousands digit of 17840351?
8
What is the thousands digit of 1049704481?
4
What is the hundred millions digit of 164554455?
1
What is the ten thousands digit of 6742572?
4
What is the hundreds digit of 214944172?
1
What is the thousands digit of 737156472?
6
What is the ten thousands digit of 530427892?
2
What is the millions digit of 8954276?
8
What is the ten millions digit of 71057784?
7
What is the ten millions digit of 54261993?
5
What is the ten millions digit of 849938893?
4
What is the ten millions digit of 73013230?
7
What is the ten thousands digit of 181436393?
3
What is the hundred millions digit of 188118564?
1
What is the hundreds digit of 71224809?
8
What is the ten thousands digit of 1653030092?
3
What is the units digit of 4262813138?
8
What is the hundred millions digit of 1046884992?
0
What is the thousands digit of 281221558?
1
What is the millions digit of 324734632?
4
What is the units digit of 5427497150?
0
What is the hundred thousands digit of 4636468152?
4
What is the ten thousands digit of 118484243?
8
What is the millions digit of 67534632?
7
What is the ten thousands digit of 1368790039?
9
What is the thousands digit of 415673959?
3
What is the millions digit of 410435431?
0
What is the ten millions digit of 2697397883?
9
What is the hundreds digit of 16316723?
7
What is the millions digit of 26284459?
6
What is the hundreds digit of 1917233044?
0
What is the ten millions digit of 60955095?
6
What is the millions digit of 115496531?
5
What is the thousands digit of 62618994?
8
What is the thousands digit of 250706722?
6
What is the tens digit of 4239906005?
0
What is the hundreds digit of 221993868?
8
What is the thousands digit of 71889497?
9
What is the ten millions digit of 23952280?
2
What is the millions digit of 1904809600?
4
What is the units digit of 417929821?
1
What is the tens digit of 3216291618?
1
What is the units digit of 257252354?
4
What is the ten thousands digit of 1173198?
7
What is the millions digit of 292742647?
2
What is the units digit of 251919783?
3
What is the units digit of 3394637?
7
What is the ten thousands digit of 91820766?
2
What is the ten millions digit of 3867661307?
6
What is the ten thousands digit of 11606377?
0
What is the hundreds digit of 147545548?
5
What is the hundred thousands digit of 761972413?
9
What is the hundred millions digit of 323282333?
3
What is the thousands digit of 98044599?
4
What is the ten thousands digit of 108354336?
5
What is the units digit of 367857272?
2
What is the ten millions digit of 3293526248?
9
What is the ten thousands digit of 274188914?
8
What is the thousands digit of 292206263?
6
What is the millions digit of 93579550?
3
What is the units digit of 173726821?
1
What is the ten millions digit of 1216590600?
1
What is the thousands digit of 1743122774?
2
What is the tens digit of 228826470?
7
What is the tens digit of 179242955?
5
What is the ten thousands digit of 1465146126?
4
What is the millions digit of 44653050?
4
What is the tens digit of 9259606?
0
What is the tens digit of 180979031?
3
What is the tens digit of 1204363989?
8
What is the tens digit of 7485734449?
4
What is the ten thousands digit of 1470223816?
2
What is the millions digit of 49489590?
9
What is the units digit of 95652609?
9
What is the hundred millions digit of 258849340?
2
What is the tens digit of 790760144?
4
What is the hundreds digit of 234120713?
7
What is the tens digit of 19786480?
8
What is the units digit of 9965975?
5
What is the hundreds digit of 43331644?
6
What is the billions digit of 4303825122?
4
What is the units digit of 21271135?
5
What is the hundred millions digit of 543898390?
5
What is the tens digit of 6596309091?
9
What is the hundred thousands digit of 751149638?
1
What is the ten thousands digit of 203479659?
7
What is the millions digit of 590954278?
0
What is the units digit of 133318635?
5
What is the ten millions digit of 38344964?
3
What is the ten thousands digit of 48491356?
9
What is the ten millions digit of 38778979?
3
What is the billions digit of 4709413184?
4
What is the thousands digit of 52100098?
0
What is the tens digit of 13995943?
4
What is the ten millions digit of 376095221?
7
What is the tens digit of 563454943?
4
What is the hundred thousands digit of 199627714?
6
What is the ten millions digit of 1527100266?
2
What is the ten millions digit of 1976718129?
7
What is the hundreds digit of 907366621?
6
What is the hundred thousands digit of 2922583744?
5
What is the thousands digit of 723937507?
7
What is the billions digit of 4999659723?
4
What is the thousands digit of 707174895?
4
What is the hundred millions digit of 230179212?
2
What is the tens digit of 1513053444?
4
What is the ten thousands digit of 38363241?
6
What is the tens digit of 5665958185?
8
What is the hundreds digit of 6527599?
5
What is the units digit of 2677067968?
8
What is the tens digit of 397168995?
9
What is the ten thousands digit of 82151977?
5
What is the hundreds digit of 159717267?
2
What is the millions digit of 329292218?
9
What is the tens digit of 285437754?
5
What is the thousands digit of 43312447?
2
What is the hundred millio